 -a58 (base 13) in base 6?
-12055
What is -751a (base 15) in base 12?
-12407
What is 3bd (base 15) in base 10?
853
What is -352314 (base 6) in base 12?
-1569a
Convert 2d70 (base 14) to base 9.
12137
383 (base 12) to base 8
1023
Convert -1131322 (base 4) to base 6.
-43454
101021111 (base 3) to base 2
1110101000100
What is -334131 (base 6) in base 12?
-14347
What is -28701 (base 11) in base 4?
-21331022
Convert ca6 (base 15) to base 12.
17a0
What is -27452 (base 8) in base 12?
-6ba2
-5476 (base 10) to base 13
-2653
What is -6680 (base 13) in base 16?
-37dc
deb (base 15) to base 7
12113
1111122102 (base 3) to base 7
152246
1000101001 (base 2) to base 11
463
Convert -130334 (base 5) to base 12.
-2b46
What is c328 (base 15) in base 12?
1ba25
Convert -ac3 (base 15) to base 9.
-3303
Convert 555 (base 11) to base 4.
22121
111a (base 11) to base 5
21343
-26014 (base 7) to base 9
-10374
What is -255 (base 13) in base 4?
-12120
Convert 2111120 (base 3) to base 9.
2446
Convert -940 (base 13) to base 14.
-805
-24c5 (base 15) to base 5
-222320
Convert 111002100 (base 3) to base 10.
9540
131340 (base 6) to base 4
2323230
Convert -62540 (base 7) to base 13.
-6cbc
What is 515 (base 7) in base 10?
257
Convert 1500 (base 7) to base 11.
495
-8487 (base 10) to base 3
-102122100
Convert 1907 (base 16) to base 13.
2bbb
Convert -13020 (base 8) to base 10.
-5648
976 (base 12) to base 2
10101101010
Convert 1b26 (base 12) to base 10.
3342
What is -2421 (base 5) in base 14?
-1bb
What is -33b3a (base 12) in base 10?
-69022
What is -163a (base 16) in base 10?
-5690
What is 1040a (base 12) in base 10?
21322
-531 (base 6) to base 3
-21101
Convert -2a4c (base 14) to base 15.
-2361
What is 7146 (base 8) in base 2?
111001100110
2886 (base 11) to base 12
21a4
What is 3ae5 (base 15) in base 13?
5966
What is 41350 (base 6) in base 14?
2038
-112100002 (base 3) to base 7
-42320
4a2 (base 16) to base 5
14221
11000010111 (base 2) to base 12
a9b
Convert -51258 (base 10) to base 5.
-3120013
-1646 (base 16) to base 7
-22424
Convert -1334 (base 6) to base 14.
-1aa
1134 (base 10) to base 13
693
What is 443 (base 14) in base 2?
1101001011
What is 3312231 (base 4) in base 3?
210122210
2155 (base 7) to base 5
11100
-7e (base 15) to base 10
-119
What is -45362 (base 7) in base 16?
-2cf6
-508 (base 10) to base 9
-624
What is 1759 (base 12) in base 5?
42210
143311 (base 5) to base 15
1c06
-11010111110 (base 2) to base 3
-2100221
Convert -2134 (base 8) to base 2.
-10001011100
What is -2212021 (base 4) in base 15?
-323d
What is -8049 (base 13) in base 10?
-17637
-21231 (base 5) to base 6
-10401
Convert 53ca (base 14) to base 13.
6794
1010101001111110 (base 2) to base 3
2012212112
Convert 4a54 (base 11) to base 3.
100001012
Convert 45 (base 8) to base 4.
211
What is -78b0 (base 14) in base 2?
-101000111000010
10034 (base 5) to base 14
340
-116 (base 15) to base 12
-186
37 (base 12) to base 6
111
What is 8243 (base 16) in base 11?
23066
Convert -301012 (base 4) to base 15.
-de7
Convert -2303211 (base 4) to base 13.
-5301
Convert -4b2a (base 13) to base 3.
-112122200
What is 1000000111000010 (base 2) in base 9?
50508
1012100 (base 3) to base 9
1170
What is 245 (base 11) in base 2?
100100011
Convert -9157 (base 11) to base 10.
-12162
Convert -811 (base 13) to base 9.
-1777
Convert 33431 (base 9) to base 14.
8154
What is -1141 (base 13) in base 5?
-34134
-710 (base 11) to base 15
-3c3
What is -29a4 (base 12) in base 5?
-124001
-157d (base 16) to base 13
-2672
What is 110000110 (base 2) in base 3?
112110
-ac56 (base 13) to base 2
-101111000000101
What is -1015 (base 8) in base 15?
-250
-431140 (base 5) to base 15
-449a
11062 (base 7) to base 9
3737
-13332 (base 6) to base 9
-2752
Convert -14320 (base 7) to base 10.
-3934
-2310013 (base 4) to base 5
-332102
890 (base 15) to base 8
3617
Convert 165 (base 15) to base 16.
140
Convert 1200121 (base 3) to base 10.
1231
What is -244660 (base 7) in base 16?
-af7e
Convert -142240 (base 6) to base 14.
-4cb6
What is -11142 (base 7) in base 2?
-101100000111
-2405 (base 6) to base 13
-359
What is -350130 (base 6) in base 2?
-111010010100110
210321 (base 6) to base 4
10021021
Convert b39 (base 14) to base 3.
10000202
1023320 (base 5) to base 7
101353
Convert -6c0 (base 15) to base 3.
-2002200
-222511 (base 6) to base 16
-494b
What is 33d1 (base 15) in base 10?
10996
-201010 (base 4) to base 6
-13444
Convert 363 (base 11) to base 12.
300
-205 (base 10) to base 8
-315
What is -213 (base 12) in base 6?
-1223
2254 (base 6) to base 3
201221
-4620 (base 7) to base 6
-11440
What is 11498 (base 13) in base 8?
75507
What is -16342 (base 8) in base 12?
-4342
Convert 25144 (base 7) to base 9.
10041
Convert 3174 (base 10) to base 16.
c66
What is 32bb (base 16) in base 13?
5bb0
-11110110 (base 2) to base 13
-15c
What is -4201 (base 10) in base 12?
-2521
Convert 111324 (base 9) to base 5.
4112404
What is -522 (base 14) in base 2?
-1111110010
What is 6e0 (base 16) in base 2?
11011100000
What is 63b (base 15) in base 5?
21111
Convert 135607 (base 8) to base 3.
2102212001
3785 (base 10) to base 2
111011001001
-491 (base 13) to base 2
-1100011010
Convert -23 (base 12) to base 3.
-1000
Convert b768 (base 13) to base 12.
12878
63 (base 12) to base 14
55
10341 (base 5) to base 13
436
Convert -11011010110 (base 2) to base 16.
-6d6
Convert 11100122 (base 4) to base 3.
1002112102
What is 157 (base 15) in base 16?
133
-575 (base 13) to base 15
-42b
-4b12 (base 12) to base 13
-3b48
What is -1043 (base 11) in base 3?
-1220001
111011001111 (base 2) to base 6
25315
-6b9b (base 13) to base 12
-8941
-111000110010 (base 2) to base 8
-7062
Convert -1778 (base 12) to base 8.
-5414
What is -20456 (base 11) in base 12?
-15317
Convert 4012 (base 7) to base 3.
1220011
What is -24380 (base 11) in base 16?
-88f1
Convert 1bab (base 14) to base 3.
20221002
2321 (base 4) to base 3
20212
-213223 (base 4) to base 8
-4753
-220101 (base 3) to base 6
-3014
-45733 (base 8) to base 4
-10233123
Convert -101110101001 (base 2) to base 15.
-d40
What is 10566 (base 7) in base 5?
41234
Convert -1919a (base 13) to base 9.
-73633
What is 2171 (base 8) in base 12?
7b5
-6a (base 11) to base 10
-76
-142217 (base 8) to base 15
-ed99
Convert -1906 (base 13) to base 10.
-3724
What is 1d2 (base 16) in base 2?
111010010
Convert 583 (base 10) to base 5.
4313
-172 (base 11) to base 8
-310
What is b6bf (base 16) in base 5?
2444113
-30 (base 13) to base 15
-29
What is -230334 (base 6) in base 14?
-71bc
Convert -233320 (base 4) to base 7.
-11635
Convert -1209 (base 11) to base 9.
-2147
Convert -30123 (base 5) to base 7.
-5402
Convert 5126 (base 7) to base 5.
24114
Convert -a98 (base 15) to base 16.
-959
-2639 (base 11) to base 4
-311212
-172 (base 16) to base 8
-562
What is 223 (base 12) in base 4?
10323
What is -1010030 (base 5) in base 6?
-203145
-3023 (base 4) to base 16
-cb
Convert 5422 (base 6) to base 14.
646
Convert -54b (base 16) to base 4.
-111023
What is 11440 (base 7) in base 5?
43333
Convert 101111001110110 (base 2) to base 5.
1233212
What is -100001100011 (base 2) in base 10?
-2147
What is -11110100100101 (base 2) in base 7?
-63431
What is -197a (base 13) in base 2?
-111011101011
What is ad4 (base 15) in base 2?
100110010001
What is -20320002 (base 4) in base 9?
-54773
-6676 (base 13) to base 16
-37d5
Convert 254 (base 9) to base 12.
157
Convert -33030000 (base 4) to base 8.
-171400
Convert -1330001 (base 4) to base 14.
-2c6d
What is 10240 (base 5) in base 8?
1267
-1642 (base 8) to base 11
-776
Convert 6085 (base 14) to base 11.
11504
-26245 (base 7) to base 12
-4067
Convert 11024141 (base 5) to base 15.
1d49b
-3669 (base 16) to base 6
-144253
Convert 1101000100 (base 2) to base 4.
31010
What is -1113 (base 6) in base 11?
-218
What is 1463 (base 9) in base 7?
3144
What is -1115 (base 8) in base 3?
-210211
-133334 (base 5) to base 4
-1111131
Convert -2161 (base 15) to base 2.
-1101110011010
-110111100 (base 2) to base 10
-444
Convert -aa15 (base 13) to base 11.
-16876
Convert -440 (base 9) to base 16.
-168
3688 (base 10) to base 13
18a9
Convert -10101111100 (base 2) to base 6.
-10300
954 (base 16) to base 9
3243
Convert 432 (base 9) to base 11.
2a1
What is 4b15 (base 13) in base 14?
3c5b
What is -10101111 (base 2) in ba